se 2) to base 9.
102
61 (base 10) to base 9
67
Convert 4 (base 6) to base 3.
11
Convert -7 (base 9) to base 7.
-10
What is 16 (base 9) in base 13?
12
What is -3 (base 16) in base 3?
-10
Convert 69 (base 16) to base 11.
96
1 (base 11) to base 7
1
What is -210 (base 4) in base 14?
-28
What is 143 (base 7) in base 8?
120
What is -a (base 14) in base 13?
-a
11101010 (base 2) to base 11
1a3
Convert -3 (base 13) to base 15.
-3
What is 0 (base 2) in base 14?
0
19 (base 14) to base 10
23
What is -10011101 (base 2) in base 16?
-9d
-15 (base 16) to base 6
-33
What is -11110110 (base 2) in base 3?
-100010
Convert 5 (base 13) to base 4.
11
What is 1 (base 7) in base 12?
1
What is -14 (base 16) in base 5?
-40
What is -8 (base 13) in base 6?
-12
-21 (base 4) to base 13
-9
7 (base 9) to base 4
13
-63 (base 12) to base 14
-55
Convert 2 (base 16) to base 13.
2
Convert -133 (base 12) to base 7.
-351
Convert 0 (base 3) to base 15.
0
Convert 52 (base 15) to base 4.
1031
What is -5 (base 11) in base 6?
-5
Convert -8 (base 14) to base 13.
-8
What is -12 (base 6) in base 10?
-8
Convert -1 (base 6) to base 2.
-1
Convert -15 (base 6) to base 4.
-23
4 (base 5) to base 10
4
Convert 22 (base 12) to base 16.
1a
-121 (base 3) to base 10
-16
Convert -2 (base 14) to base 7.
-2
Convert -14 (base 8) to base 16.
-c
What is 0 (base 4) in base 6?
0
a (base 15) to base 13
a
What is -7 (base 14) in base 4?
-13
Convert 221 (base 8) to base 7.
265
Convert -2012 (base 3) to base 15.
-3e
Convert 33 (base 5) to base 13.
15
What is 2 (base 9) in base 15?
2
Convert -6 (base 16) to base 3.
-20
Convert 12 (base 14) to base 12.
14
10 (base 8) to base 14
8
-9 (base 16) to base 5
-14
Convert -1010111 (base 2) to base 13.
-69
-7 (base 14) to base 7
-10
Convert -6 (base 11) to base 7.
-6
What is 101010 (base 2) in base 7?
60
4 (base 10) to base 8
4
What is 119 (base 11) in base 3?
12020
Convert -11 (base 5) to base 14.
-6
-22 (base 7) to base 4
-100
Convert -43 (base 15) to base 14.
-47
-10 (base 6) to base 15
-6
Convert 12 (base 3) to base 14.
5
What is 3 (base 8) in base 3?
10
-1 (base 7) to base 13
-1
-10 (base 6) to base 10
-6
What is 30 (base 11) in base 9?
36
Convert 10 (base 11) to base 5.
21
What is -115 (base 6) in base 10?
-47
-366 (base 10) to base 12
-266
What is 5 (base 6) in base 5?
10
Convert 12 (base 9) to base 13.
b
110 (base 3) to base 8
14
11 (base 6) to base 16
7
-250 (base 7) to base 4
-2011
Convert 11a (base 12) to base 14.
bc
Convert -125 (base 10) to base 8.
-175
1 (base 15) to base 12
1
Convert -3 (base 15) to base 11.
-3
53 (base 15) to base 3
2220
Convert -1c (base 16) to base 11.
-26
5 (base 9) to base 13
5
What is -1 (base 10) in base 12?
-1
What is 7 (base 9) in base 16?
7
56 (base 9) to base 5
201
What is -d (base 16) in base 4?
-31
What is -47 (base 13) in base 11?
-54
5 (base 9) to base 11
5
What is -141 (base 7) in base 11?
-71
-2 (base 16) to base 2
-10
3 (base 5) to base 6
3
Convert -8 (base 10) to base 3.
-22
2221 (base 3) to base 16
4f
-9 (base 11) to base 14
-9
Convert -104 (base 7) to base 13.
-41
Convert -5 (base 8) to base 4.
-11
94 (base 14) to base 13
a0
102 (base 5) to base 4
123
Convert -54 (base 14) to base 13.
-59
Convert 1b (base 16) to base 5.
102
What is -10 (base 2) in base 15?
-2
What is 1 (base 11) in base 3?
1
Convert -35 (base 14) to base 4.
-233
What is -20 (base 4) in base 10?
-8
What is 100001 (base 2) in base 7?
45
9 (base 16) to base 10
9
What is 1011110 (base 2) in base 10?
94
27 (base 10) to base 14
1d
-17 (base 12) to base 14
-15
Convert -3 (base 16) to base 14.
-3
Convert 1 (base 10) to base 14.
1
What is -5 (base 10) in base 12?
-5
12 (base 12) to base 10
14
What is -22 (base 3) in base 6?
-12
1321 (base 5) to base 12
157
What is 1a (base 11) in base 10?
21
What is -50 (base 10) in base 12?
-42
What is 1 (base 7) in base 3?
1
What is 211 (base 4) in base 10?
37
What is 11 (base 12) in base 8?
15
65 (base 10) to base 6
145
What is 1 (base 16) in base 7?
1
-8 (base 13) to base 11
-8
26 (base 15) to base 2
100100
Convert -15 (base 11) to base 7.
-22
-77 (base 12) to base 16
-5b
Convert -101 (base 2) to base 16.
-5
134 (base 5) to base 7
62
-1155 (base 6) to base 4
-10133
Convert 214 (base 5) to base 7.
113
Convert -4 (base 5) to base 7.
-4
-5 (base 14) to base 12
-5
Convert -12 (base 7) to base 11.
-9
Convert -210 (base 6) to base 3.
-2220
-4 (base 5) to base 14
-4
What is -1 (base 13) in base 10?
-1
Convert -153 (base 6) to base 3.
-2120
1 (base 11) to base 12
1
What is 122 (base 12) in base 9?
208
-13 (base 7) to base 16
-a
What is -2 (base 3) in base 2?
-10
What is 25 (base 6) in base 4?
101
45 (base 13) to base 8
71
-3 (base 6) to base 5
-3
What is -2 (base 10) in base 8?
-2
What is -1 (base 5) in base 14?
-1
1212 (base 4) to base 5
402
What is -4 (base 13) in base 11?
-4
What is -83 (base 9) in base 10?
-75
Convert 2b (base 14) to base 10.
39
Convert -32 (base 16) to base 7.
-101
Convert -16 (base 15) to base 11.
-1a
Convert -45 (base 14) to base 15.
-41
What is 0 (base 16) in base 5?
0
Convert -32 (base 5) to base 16.
-11
-11110 (base 2) to base 3
-1010
2a (base 16) to base 12
36
Convert -21 (base 4) to base 11.
-9
94 (base 10) to base 8
136
Convert 303 (base 6) to base 16.
6f
What is -221 (base 8) in base 14?
-a5
What is 10 (base 3) in base 9?
3
-78 (base 16) to base 15
-80
What is 5 (base 7) in base 9?
5
Convert 2 (base 14) to base 6.
2
Convert -4 (base 13) to base 10.
-4
What is -5 (base 6) in base 9?
-5
Convert -240 (base 5) to base 14.
-50
0 (base 7) to base 9
0
Convert 1033 (base 4) to base 9.
87
Convert 20 (base 11) to base 7.
31
Convert 1122 (base 3) to base 7.
62
-1 (base 2) to base 6
-1
-93 (base 16) to base 8
-223
What is 132 (base 6) in base 3?
2002
What is -7 (base 15) in base 4?
-13
What is -8 (base 9) in base 15?
-8
What is 226 (base 9) in base 4?
2322
Convert 133 (base 4) to base 14.
23
-16 (base 12) to base 8
-22
What is -45 (base 6) in base 14?
-21
-3 (base 9) to base 10
-3
Convert 3 (base 12) to base 2.
11
What is 3 (base 10) in base 14?
3
-10 (base 7) to base 6
-11
a (base 14) to base 5
20
18 (base 10) to base 9
20
What is -21 (base 6) in base 15?
-d
What is 22 (base 6) in base 15?
e
Convert 1322 (base 5) to base 10.
212
-111101 (base 2) to base 3
-2021
4 (base 11) to base 5
4
-7c (base 14) to base 15
-75
What is -2 (base 6) in base 3?
-2
What is -1a (base 12) in base 11?
-20
-34 (base 6) to base 8
-26
What is 2d (base 15) in base 10?
43
-2 (base 13) to base 10
-2
What is 1 (base 15) in base 2?
1
What is -111 (base 2) in base 7?
-10
-17 (base 11) to base 13
-15
Convert 2221 (base 3) to base 16.
4f
11 (base 8) to base 3
100
33 (base 8) to base 7
36
What is -41 (base 5) in base 13?
-18
-311 (base 10) to base 13
-1ac
What is -25 (base 13) in base 6?
-51
-2 (base 14) to base 16
-2
What is -1 (base 9) in base 6?
-1
Convert -10 (base 2) to base 4.
-2
Convert 3 (base 6) to base 16.
3
What is -10 (base 11) in base 9?
-12
-11110011 (base 2) to base 8
-363
-1 (base 13) to base 10
-1
1c (base 13) to base 6
41
Convert -4 (base 5) to base 8.
-4
88 (base 10) to base 12
74
What is 3 (base 8) in base 11?
3
Convert 1000010 (base 2) to base 3.
2110
-2 (base 3) to base 11
-2
Convert 6 (base 9) to base 11.
6
Convert -6 (base 9) to base 14.
-6
-a (base 14) to base 5
-20
What is -3 (base 7) in base 5?
-3
Convert -1 (base 3) to base 11.
-1
1 (base 15) to base 9
1
Convert 5 (base 14) to base 2.
101
What is 4 (base 14) in base 12?
4
-10101 (base 2) to base 11
-1a
What is 203 (base 8) in base 11?
10a
Convert 0 (base 14) to base 4.
0
Convert 20 (base 10) to base 3.
202
3 (base 14) to base 4
3
3 (base 14) to base 8
3
-100101 (base 2) to base 3
-1101
Convert -4 (base 10) to base 3.
-11
-57 (base 12) to base 16
-43
Convert 0 (base 7) to base 3.
0
0 (base 11) to base 12
0
What is -4 (base 13) in base 11?
-4
92 (base 10) to base 5
332
What is -116 (base 8) in base 5?
-303
What is -120 (base 3) in base 8?
-17
What is 10001 (base 2) in base 15?
12
4 (base 6) to base 5
4
What is 10 (base 14) in base 15?
e
Convert -2210 (base 5) to base 16.
-131
Convert 229 (base 12) to base 4.
11001
What is 0 (base 11) in base 4?
0
Convert 10 (base 9) to base 11.
9
What is 323 (base 4) in base 16?
3b
-3c (base 16) to base 11
-55
What is -152 (base 8) in 